f 104?
False
Is 39734086 a multiple of 1035?
False
Is 25948188 a multiple of 714?
True
Does 193 divide 147945660?
False
Does 290 divide 257679878?
False
Does 40 divide 287783164?
False
Is 2147469 a multiple of 10?
False
Is 4403191589 a multiple of 11?
False
Is 1372020064 a multiple of 4?
True
Does 120 divide 792468626?
False
Does 4701 divide 256373736?
True
Is 19899392 a multiple of 1521?
False
Is 4 a factor of 204531161?
False
Is 3 a factor of 440265?
True
Is 23 a factor of 2056148?
False
Is 67118547 a multiple of 4377?
False
Does 125 divide 26034365?
False
Is 221 a factor of 163591186?
False
Does 63 divide 236581054?
False
Is 198 a factor of 34762266?
True
Does 26 divide 51576765?
False
Does 19 divide 425028134?
False
Is 113 a factor of 701717570?
True
Is 480945475 a multiple of 1148?
False
Is 3647416 a multiple of 66?
False
Is 1804 a factor of 39585172?
True
Is 159 a factor of 27961391?
False
Does 40 divide 3951784645?
False
Is 1863959234 a multiple of 10?
False
Is 927 a factor of 2310084?
True
Is 47 a factor of 12864182?
True
Does 12 divide 622386041?
False
Is 224 a factor of 15256864?
True
Does 526 divide 8750536?
True
Is 1533 a factor of 41222370?
True
Is 1174168 a multiple of 299?
False
Does 492 divide 30718071?
False
Is 49369349 a multiple of 930?
False
Is 215 a factor of 23864140?
True
Is 18 a factor of 97602624?
True
Is 483 a factor of 285261732?
True
Is 71 a factor of 127273319?
False
Does 6 divide 75075626?
False
Does 137 divide 417611782?
False
Is 1653534281 a multiple of 1177?
False
Is 17 a factor of 259663559?
True
Does 12 divide 452837598?
False
Does 93 divide 7349685?
False
Is 17825730 even?
True
Does 6 divide 1246476?
True
Does 105 divide 14978670?
True
Does 28 divide 669542669?
False
Is 76904767 a multiple of 935?
False
Does 38 divide 2902478?
True
Is 573 a factor of 50452282?
False
Is 15 a factor of 864439875?
True
Does 2531 divide 57220261?
False
Is 230 a factor of 296204580?
True
Does 7 divide 223201398?
True
Is 4720525501 a multiple of 12?
False
Does 44 divide 1872907124?
True
Is 39228456 a multiple of 419?
True
Is 367204608 a multiple of 564?
True
Is 634 a factor of 1027701954?
True
Does 50 divide 7191980?
False
Does 37 divide 182244906?
True
Does 23 divide 237654907?
False
Is 117 a factor of 6935058?
True
Does 2091 divide 106472996?
False
Is 1022 a factor of 10467727?
False
Is 482107976 a multiple of 5662?
True
Is 128 a factor of 1305697536?
True
Is 30245608 a multiple of 24?
False
Does 58 divide 15387665?
False
Does 815 divide 4196142415?
True
Is 64620983 a multiple of 435?
False
Does 25 divide 2298575?
True
Does 1140 divide 1019267936?
False
Is 61 a factor of 8449659?
True
Does 5 divide 113130270?
True
Does 8 divide 1172465949?
False
Is 1755444 a multiple of 9?
False
Is 496503155 a multiple of 95?
True
Does 110 divide 9913200?
True
Is 334252307 even?
False
Is 199697960 a multiple of 230?
True
Is 2008 a factor of 240509352?
False
Is 21920576 a multiple of 148?
True
Is 27195300 a multiple of 12?
True
Is 11746442 a multiple of 106?
False
Does 2230 divide 51165120?
True
Is 464 a factor of 118981490?
False
Is 51 a factor of 4117740?
True
Is 453567177 a multiple of 49?
True
Is 40034725 a multiple of 25?
True
Is 28503106 a multiple of 4027?
True
Does 78 divide 313711398?
True
Is 3 a factor of 733825?
False
Does 72 divide 191125273?
False
Is 768713670 a multiple of 10?
True
Does 274 divide 1380171154?
True
Does 115 divide 6822490?
True
Is 115 a factor of 59193835?
True
Is 25247038 a multiple of 110?
False
Is 222699331 a multiple of 2?
False
Does 1054 divide 412298384?
False
Is 1939996842 a multiple of 21?
True
Is 28955675 a multiple of 119?
True
Does 874 divide 3245548308?
True
Is 24850280 a multiple of 728?
True
Does 8 divide 305903027?
False
Is 56278514 a multiple of 10?
False
Is 185208961 a multiple of 417?
False
Does 1863 divide 231773287?
False
Is 1098044476 a multiple of 1680?
False
Does 9 divide 40231546?
False
Is 1611 a factor of 110715975?
True
Does 723 divide 34231259?
False
Is 5706 a factor of 151237231?
False
Is 400325550 a multiple of 1260?
False
Is 20427946 a multiple of 22?
True
Does 309 divide 110630158?
False
Is 2983078763 a multiple of 839?
True
Is 200 a factor of 253030600?
True
Does 1558 divide 15819932?
True
Is 1081 a factor of 53719543?
False
Is 895099373 a multiple of 136?
False
Is 178 a factor of 36205991?
False
Is 862433203 a multiple of 3302?
False
Is 2699810500 a multiple of 25?
True
Does 30 divide 6203917?
False
Does 61 divide 258820689?
False
Is 1040 a factor of 25293840?
True
Is 73 a factor of 475562354?
False
Is 253330734 a multiple of 6?
True
Is 9 a factor of 53780373?
True
Is 2470 a factor of 115915266?
False
Does 110 divide 3725900?
False
Is 19015779 a multiple of 23?
True
Does 949 divide 39558116?
True
Is 31087858 a multiple of 597?
False
Does 10 divide 371025657?
False
Does 346 divide 4727676?
False
Does 625 divide 477842998?
False
Is 776 a factor of 41582736?
True
Is 1008 a factor of 4382789?
False
Is 195003089 a multiple of 55?
False
Is 235270693 a multiple of 6?
False
Does 10 divide 342156296?
False
Does 962 divide 669557838?
False
Does 23 divide 776510129?
False
Is 89 a factor of 915444860?
False
Is 51293314 a multiple of 709?
True
Does 3 divide 17061345?
True
Is 3194340570 a multiple of 375?
False
Is 33 a factor of 3527865?
True
Does 514 divide 4345823?
False
Is 71768975 a multiple of 24?
False
Does 292 divide 102660977?
False
Is 1026068313 a multiple of 14?
False
Is 35 a factor of 35717523?
False
Is 7 a factor of 59100970?
False
Is 153 a factor of 188013153?
False
Is 1083 a factor of 111221081?
False
Is 6 a factor of 8616996?
True
Is 263 a factor of 1248534377?
True
Is 16 a factor of 925521471?
False
Is 13 a factor of 192540049?
True
Is 796315098 a multiple of 219?
True
Is 65 a factor of 40834495?
True
Is 26 a factor of 1838813336?
False
Does 7 divide 136787407?
False
Does 5543 divide 1027223217?
True
Is 53 a factor of 880054070?
False
Is 145 a factor of 28438097?
False
Is 82882781 a multiple of 5?
False
Does 147 divide 356993589?
False
Is 10845 a factor of 2771092710?
True
Is 2238649614 a multiple of 670?
False
Does 46 divide 726394740?
True
Is 1460174339 a multiple of 2489?
True
Is 20 a factor of 2308838900?
True
Does 649 divide 903186042?
True
Is 34759935 a multiple of 1281?
True
Does 6132 divide 93251236?
False
Is 714557763 a multiple of 167?
True
Is 211662432 a multiple of 180?
False
Is 1004256 a multiple of 264?
True
Is 1409 a factor of 12028633?
True
Is 24 a factor of 48924237?
False
Is 67218635 a multiple of 55?
True
Does 5 divide 1975635440?
True
Is 164 a factor of 66675512?
True
Does 6 divide 117860035?
False
Is 1227 a factor of 3892013325?
True
Does 3 divide 449310?
True
Is 11801850 a multiple of 1425?
True
Does 205 divide 31252045?
True
Is 11134984 a multiple of 14?
True
Does 227 divide 1276831354?
False
Does 50 divide 77128100?
True
Is 1000 a factor of 11194000?
True
Does 610 divide 424385540?
True
Is 298813128 a multiple of 8?
True
Is 660668 a multiple of 3?
False
Is 12228025 a multiple of 31?
False
Is 1227319912 a multiple of 14?
True
Is 25323778 a multiple of 41?
False
Is 15 a factor of 27288962?
False
Is 2097 a factor of 682156747?
False
Is 39436825 a multiple of 5?
True
Is 983 a factor of 9808374?
True
Does 114 divide 1584614250?
True
Is 2 a factor of 213384?
True
Is 8 a factor of 1512932690?
False
Is 44 a factor of 47400762?
False
Is 210 a factor of 33283292?
False
Is 144 a factor of 155497372?
False
Is 69 a factor of 101372312?
False
Does 836 divide 113285203?
False
Is 707 a factor of 52490508?
True
Is 17 a factor of 7191612?
True
Is 1987 a factor of 212700402?
True
Does 407 divide 1913939590?
False
Does 663 divide 89093427?
False
Is 46433772 a multiple of 462?
True
Does 503 divide 41632807?
True
Is 37106429 a multiple of 16?
False
Is 3286 a factor of 31701514?
False
Is 17 a factor of 48879097?
True
Does 1987 divide 201657847?
False
Is 951 a factor of 92421984?
True
Is 32660246 a multiple of 1561?
False
Does 20 divide 432748330?
False
Is 25 a factor of 1062975300?
True
Does 24 divide 358819488?
True
Is 2512074628 a multiple of 7?
True
Does 7 divide 14592269?
False
Does 12 divide 503663860?
False
Is 263798617 a multiple of 59?
True
Is 17 a factor of 58364282?
